{"id":143,"date":"2023-02-24T20:45:03","date_gmt":"2023-02-24T20:45:03","guid":{"rendered":"http:\/\/siewmet.pl\/?page_id=143"},"modified":"2023-02-24T22:43:38","modified_gmt":"2023-02-24T22:43:38","slug":"kontakt","status":"publish","type":"page","link":"https:\/\/siewmet.pl\/?page_id=143","title":{"rendered":"Kontakt"},"content":{"rendered":"\n<pre class=\"wp-block-verse has-normal-font-size\" style=\"margin-top:var(--wp--preset--spacing--80);margin-right:var(--wp--preset--spacing--80);margin-bottom:var(--wp--preset--spacing--80);margin-left:var(--wp--preset--spacing--80)\"><strong>Dane firmy<\/strong>:\nPrzedsi\u0119biorstwo Produkcyjno-Handlowe SIEWMET Karol P\u0142\u00f3ciennik\nWydawy 14A\n63-900 Wydawy\nNIP:  6991968704\nREGON: 521338780\n\n<strong>Dane kontaktowe:<\/strong>\ne-mail: siewmet@op.pl\ntel.: +48 881 744 062<\/pre>\n\n\n\n<h2 class=\"has-text-align-center has-foreground-color has-text-color wp-block-heading\" style=\"margin-top:var(--wp--preset--spacing--80);margin-right:var(--wp--preset--spacing--80);margin-bottom:var(--wp--preset--spacing--80);margin-left:var(--wp--preset--spacing--80)\">Zapraszamy do kontaktu<\/h2>\n","protected":false},"excerpt":{"rendered":"<p>Dane firmy: Przedsi\u0119biorstwo Produkcyjno-Handlowe SIEWMET Karol P\u0142\u00f3ciennik Wydawy 14A 63-900 Wydawy NIP: 6991968704 REGON: 521338780 Dane kontaktowe: e-mail: siewmet@op.pl tel.: +48 881 744 062 Zapraszamy do kontaktu<\/p>\n","protected":false},"author":1,"featured_media":0,"parent":0,"menu_order":0,"comment_status":"closed","ping_status":"closed","template":"wp-custom-template-podstrony","meta":{"footnotes":""},"class_list":["post-143","page","type-page","status-publish","hentry"],"_links":{"self":[{"href":"https:\/\/siewmet.pl\/index.php?rest_route=\/wp\/v2\/pages\/143","targetHints":{"allow":["GET"]}}],"collection":[{"href":"https:\/\/siewmet.pl\/index.php?rest_route=\/wp\/v2\/pages"}],"about":[{"href":"https:\/\/siewmet.pl\/index.php?rest_route=\/wp\/v2\/types\/page"}],"author":[{"embeddable":true,"href":"https:\/\/siewmet.pl\/index.php?rest_route=\/wp\/v2\/users\/1"}],"replies":[{"embeddable":true,"href":"https:\/\/siewmet.pl\/index.php?rest_route=%2Fwp%2Fv2%2Fcomments&post=143"}],"version-history":[{"count":16,"href":"https:\/\/siewmet.pl\/index.php?rest_route=\/wp\/v2\/pages\/143\/revisions"}],"predecessor-version":[{"id":278,"href":"https:\/\/siewmet.pl\/index.php?rest_route=\/wp\/v2\/pages\/143\/revisions\/278"}],"wp:attachment":[{"href":"https:\/\/siewmet.pl\/index.php?rest_route=%2Fwp%2Fv2%2Fmedia&parent=143"}],"curies":[{"name":"wp","href":"https:\/\/api.w.org\/{rel}","templated":true}]}}